 by 267.
178
What is the remainder when 3995 is divided by 300?
95
What is the remainder when 99819 is divided by 49909?
1
Calculate the remainder when 22594 is divided by 11236.
122
Calculate the remainder when 3694118 is divided by 527730.
8
Calculate the remainder when 1680 is divided by 144.
96
What is the remainder when 7869 is divided by 2606?
51
Calculate the remainder when 9212 is divided by 34.
32
What is the remainder when 46452 is divided by 15484?
0
Calculate the remainder when 6154 is divided by 608.
74
Calculate the remainder when 3926 is divided by 3916.
10
Calculate the remainder when 6293 is divided by 95.
23
Calculate the remainder when 7990 is divided by 188.
94
What is the remainder when 9724 is divided by 2392?
156
What is the remainder when 48918 is divided by 33?
12
What is the remainder when 204 is divided by 114?
90
What is the remainder when 7144 is divided by 55?
49
What is the remainder when 161048 is divided by 244?
8
What is the remainder when 681988 is divided by 254?
252
What is the remainder when 25377 is divided by 259?
254
Calculate the remainder when 7456 is divided by 6.
4
Calculate the remainder when 294422 is divided by 98137.
11
Calculate the remainder when 1977974 is divided by 169.
167
What is the remainder when 11020 is divided by 141?
22
What is the remainder when 2936 is divided by 117?
11
What is the remainder when 29590 is divided by 569?
2
What is the remainder when 461570 is divided by 1315?
5
What is the remainder when 6752 is divided by 113?
85
What is the remainder when 1389 is divided by 80?
29
What is the remainder when 142608 is divided by 417?
411
What is the remainder when 533 is divided by 113?
81
Calculate the remainder when 19742 is divided by 438.
32
Calculate the remainder when 11998 is divided by 5130.
1738
What is the remainder when 4766812 is divided by 95?
92
Calculate the remainder when 37528 is divided by 13.
10
What is the remainder when 45031 is divided by 834?
829
Calculate the remainder when 3016 is divided by 170.
126
What is the remainder when 404966 is divided by 1716?
1706
Calculate the remainder when 150134 is divided by 13.
10
Calculate the remainder when 127600 is divided by 9114.
4
Calculate the remainder when 46317 is divided by 2310.
117
Calculate the remainder when 2291 is divided by 58.
29
Calculate the remainder when 276 is divided by 185.
91
Calculate the remainder when 30097 is divided by 201.
148
What is the remainder when 128552 is divided by 11683?
39
What is the remainder when 4720667 is divided by 43?
41
What is the remainder when 1171 is divided by 38?
31
What is the remainder when 360 is divided by 149?
62
Calculate the remainder when 116 is divided by 14.
4
What is the remainder when 70945 is divided by 115?
105
Calculate the remainder when 8199 is divided by 2727.
18
Calculate the remainder when 39591 is divided by 37.
1
What is the remainder when 290228 is divided by 503?
500
Calculate the remainder when 207674 is divided by 195.
194
What is the remainder when 1332398 is divided by 80?
78
Calculate the remainder when 9918 is divided by 160.
158
Calculate the remainder when 2313 is divided by 7.
3
What is the remainder when 473 is divided by 59?
1
Calculate the remainder when 1300944 is divided by 441.
435
What is the remainder when 242 is divided by 22?
0
Calculate the remainder when 26676 is divided by 116.
112
Calculate the remainder when 17618 is divided by 5820.
158
Calculate the remainder when 8226 is divided by 5.
1
Calculate the remainder when 1550 is divided by 194.
192
What is the remainder when 32925 is divided by 56?
53
Calculate the remainder when 8343 is divided by 78.
75
Calculate the remainder when 93887 is divided by 96.
95
What is the remainder when 12708 is divided by 1592?
1564
What is the remainder when 102285 is divided by 23?
4
Calculate the remainder when 8124 is divided by 737.
17
What is the remainder when 1164 is divided by 404?
356
Calculate the remainder when 92542 is divided by 92537.
5
What is the remainder when 91966 is divided by 16?
14
Calculate the remainder when 129152 is divided by 155.
37
What is the remainder when 8069 is divided by 237?
11
What is the remainder when 20390 is divided by 237?
8
What is the remainder when 35471 is divided by 8858?
39
What is the remainder when 18028 is divided by 4?
0
What is the remainder when 24857 is divided by 1568?
1337
What is the remainder when 39716 is divided by 1468?
80
Calculate the remainder when 523608 is divided by 123.
120
What is the remainder when 1919 is divided by 750?
419
Calculate the remainder when 53217 is divided by 34.
7
What is the remainder when 3829 is divided by 80?
69
What is the remainder when 1845 is divided by 154?
151
Calculate the remainder when 287 is divided by 58.
55
Calculate the remainder when 1853 is divided by 875.
103
Calculate the remainder when 690987 is divided by 23.
21
Calculate the remainder when 2687 is divided by 1340.
7
What is the remainder when 443913 is divided by 177?
174
What is the remainder when 691 is divided by 57?
7
Calculate the remainder when 15608 is divided by 3777.
500
Calculate the remainder when 111323 is divided by 1159.
59
Calculate the remainder when 1584 is divided by 266.
254
What is the remainder when 64386 is divided by 644?
630
Calculate the remainder when 2877 is divided by 583.
545
Calculate the remainder when 51479 is divided by 429.
428
What is the remainder when 547401 is divided by 572?
569
What is the remainder when 28593 is divided by 318?
291
Calculate the remainder when 30534 is divided by 1091.
1077
Calculate the remainder when 595407 is divided by 5725.
7
Calculate the remainder when 33969 is divided by 309.
288
Calculate the remainder when 928366 is divided by 27.
25
Calculate the remainder when 5009 is divided by 387.
365
What is the remainder when 620422 is divided by 325?
322
Calculate the remainder when 219999 is divided by 160.
159
What is the remainder when 212 is divided by 22?
14
What is the remainder when 83181 is divided by 83165?
16
Calculate the remainder when 7537 is divided by 52.
49
Calculate the remainder when 35558 is divided by 28.
26
Calculate the remainder when 2057 is divided by 1920.
137
Calculate the remainder when 7265 is divided by 3516.
233
Calculate the remainder when 1347 is divided by 49.
24
Calculate the remainder when 55861 is divided by 3.
1
Calculate the remainder when 79642 is divided by 19908.
10
What is the remainder when 226935 is divided by 327?
324
What is the remainder when 709 is divided by 17?
12
What is the remainder when 1680 is divided by 555?
15
Calculate the remainder when 12717 is divided by 1589.
5
Calculate the remainder when 242699 is divided by 616.
611
What is the remainder when 16579 is divided by 1017?
307
What is the remainder when 310764 is divided by 71?
68
What is the remainder when 2066 is divided by 3?
2
What is the remainder when 1460 is divided by 372?
344
What is the remainder when 21896 is divided by 518?
140
Calculate the remainder when 18601 is divided by 1860.
1
Calculate the remainder when 23548 is divided by 4709.
3
Calculate the remainder when 240976 is divided by 37.
32
Calculate the remainder when 9006 is divided by 247.
114
Calculate the remainder when 1427 is divided by 255.
152
What is the remainder when 16697 is divided by 11?
10
What is the remainder when 3262 is divided by 1086?
4
What is the remainder when 2568 is divided by 194?
46
Calculate the remainder when 12732 is divided by 21.
6
What is the remainder when 1927834 is divided by 65?
64
What is the remainder when 149864 is divided by 36?
32
What is the remainder when 1403513 is divided by 467830?
23
Calculate the remainder when 4883 is divided by 103.
42
Calculate the remainder when 23080 is divided by 50.
30
What is the remainder when 98244 is divided by 49079?
86
Calculate the remainder when 15777 is divided by 5192.
201
What is the remainder when 5478 is divided by 456?
6
What is the remainder when 29135 is divided by 9710?
5
Calculate the remainder when 82597 is divided by 39.
34
What is the remainder when 13082 is divided by 184?
18
What is the remainder when 22569 is divided by 22441?
128
Calculate the remainder when 103350 is divided by 66.
60
Ca